8) - (-2)/g prime?
False
Is (-567302475)/(-7581) - (0 - 12/14) composite?
True
Let o = -3 + 6. Suppose o*h = -13*h + 18176. Suppose -6*j + 1180 + h = 0. Is j a prime number?
False
Let i(v) = -8*v - 143. Let m be i(-19). Suppose -9488 = -m*q + 15955. Is q prime?
False
Suppose 11*i - 16*i - 15 = -4*q, 2*q + 4*i - 14 = 0. Suppose 10 = 2*v, -4*x - v + 12632 = -q*v. Is x prime?
True
Let i(k) = -17441*k + 2477. Is i(-4) a prime number?
False
Suppose -5*t + 209559 = 5*g - 549001, 151721 = t + 4*g. Is t composite?
True
Let x = 163 + -55. Suppose x*v + 192 = 110*v. Suppose 1150 = 2*t + v. Is t prime?
False
Suppose -2*n = 2*h - 3162, 2*h - 691 = -4*n + 2467. Let z = 3063 - h. Let p = 2766 - z. Is p prime?
False
Let n be 29 + -1*(2 + -8). Suppose -4*d - 31*m = -n*m - 16496, d - 4121 = 2*m. Is d a composite number?
False
Is 2/7 - 60561270/(-294) prime?
True
Let o(v) = 82089*v + 3017. Is o(6) a prime number?
False
Is 102512 + (6100/600 - (-10)/12) a composite number?
False
Let o(s) = 5*s - 5 + 18 + 11. Let b(u) = u**3 + 6*u**2 + 5*u + 14. Let x be b(-5). Is o(x) prime?
False
Let c(o) = -10*o + 2111. Let u = -222 + 222. Is c(u) composite?
False
Let y(o) = 153*o**2 + 13*o + 11. Suppose m + 9 = -10*v + 7*v, -2*v - 20 = -4*m. Is y(v) prime?
False
Suppose 64 = 4*m + 96, -679313 = -f + 2*m. Is f composite?
False
Is (3/4)/((-230)/23 + (-18322338)/(-1832232)) prime?
True
Let z(b) = 69*b**3 + 27*b**3 + 1 + 50*b**3 - 3 - 2*b + b**2. Is z(3) prime?
True
Let x = -1912 + 1250. Let k = x + 1396. Is k a composite number?
True
Let a(u) = 244*u**2 - 5*u - 33. Let j be a(-12). Suppose 0 = 49*d - 40*d - j. Is d prime?
True
Let g = -306 - -167. Let o(x) = 302*x**2 + x - 1. Let c be o(1). Let q = c + g. Is q prime?
True
Let l(k) = 6*k**2 + 11*k + 37. Let d be l(-6). Suppose 3*z - 13532 = d. Suppose -5*j + 6*j - z = 0. Is j composite?
True
Suppose 0 = -28*w + 23*w + 60. Suppose -w*o + 40073 = 15053. Suppose -11*f + 4306 = -o. Is f a prime number?
False
Suppose -5*k + 62 = -5*o + 12, k = -o. Suppose -5*h + 7945 = k*d - 0*h, 0 = 2*d + 4*h - 3168. Is d a prime number?
False
Let h = 8059 - 4460. Is h prime?
False
Let q(o) = -2*o**2 - 21*o - 21. Let w be q(-9). Let g be 9 + (w - 3) + -6. Is 4/(-6) - (-2278)/g a prime number?
True
Suppose -r - 2*r + 10149 = -2*v, -v - 5057 = -5*r. Is (-3)/(-3) - (v/2 - 3) prime?
False
Let n(f) = -f**2 - 2*f + 3. Let m be n(-3). Suppose m = -2*h - 3*r + 3868, 5*h - 3*r + 5492 = 15183. Is h a composite number?
True
Let x(o) = -2*o**2 - o + 1. Let t(i) = 112*i**2 + 18*i + 9. Let m(g) = t(g) - 5*x(g). Is m(-5) prime?
True
Suppose 0 = -4*l - 272 + 1996. Suppose 78*m - l = 77*m. Is m a prime number?
True
Suppose 10 = 3*a + 2*s, -a + 1 = -0*a + 3*s. Suppose -5*b + 3*k = -6416, 3*b - 2827 = a*k + 1027. Is b a prime number?
False
Let a = 13016 + -43934. Let v = -19199 - a. Is v composite?
False
Suppose 2*a - 3*l - 3069 = 8934, 0 = -2*l - 2. Suppose -3*o + w = -4*o + 1505, 4*o = w + a. Is o a composite number?
True
Let j = -6566 - -12585. Suppose -j = -9*b + 3314. Is b composite?
True
Let n = 38 + -34. Suppose 2*y = -2*l + 648, n*l + 1081 + 512 = 5*y. Is y prime?
False
Let m = 17744 - -29651. Is m a prime number?
False
Is -1 + 2 + -4 - (2 - 128470) a prime number?
False
Let f = -9440 + 21031. Is f prime?
False
Let i be ((-2)/(-6))/(-2*(-2)/48). Is -9 - (i + -9) - -1851 a composite number?
False
Suppose 2*j = 3*x - 19, -2*x + 16 = j + j. Let p(z) = 897*z + 74. Is p(x) prime?
True
Let c = 9825 - 9190. Let o(g) = 91*g - 4. Let z be o(-4). Let x = z + c. Is x a prime number?
False
Let c(y) = 14*y**2 + 23*y - 22. Let i be (-3)/(-7) - (-120)/14. Is c(i) composite?
False
Let a = 1866619 + -1103222. Is a composite?
True
Let m(f) = -83095*f - 1722. Is m(-5) a prime number?
True
Let j be (-3)/(-6) + 30276/(-8). Let i = 30751 - j. Suppose -6*n + i = -5287. Is n composite?
False
Let u be (16/(-6))/(-4) + (-42)/63. Suppose 0 = -u*i + 4*i - 15628. Is i composite?
False
Suppose 27 = -5*l - 5*f + 82, -3*l + f = -45. Let i(u) = -5*u**3 + 17*u**2 + 7*u + 25. Let h be i(l). Is 0/1 - 2*h/10 a prime number?
True
Suppose 5*t - 807720 - 858498 = 1125367. Is t prime?
False
Suppose 4*j - 3156 = 3*j. Suppose 2*k - 6*k = -j. Let g = -422 + k. Is g composite?
False
Let o(u) be the second derivative of -u**5/5 - 13*u**4/12 - 5*u**3/2 - 11*u**2/2 - 45*u. Let y(x) = -x**2 - 1. Let g be y(-3). Is o(g) a composite number?
True
Let w = 208904 - 108733. Is w a prime number?
False
Let c = -615081 - -1055212. Is c a composite number?
False
Suppose 0 = -4*n - 614 + 21830. Suppose 0 = 3*b + 4*c - 3416 - 562, 4*b - n = c. Suppose 0 = -0*g - 6*g + b. Is g composite?
True
Let m(y) be the second derivative of -45*y**3/2 + 11*y**2/2 + 40*y + 1. Is m(-10) composite?
False
Let q be -1 - (4 + 0) - 76227/3. Is (-12 - q/3)/(2/3) a composite number?
False
Suppose -2*b - 4*l = 2, -4*l + 0 + 4 = 0. Let w be (1 - b)*1/((-8)/14). Is (w - -8)/(1/317) composite?
False
Let x be ((-176)/20)/(3/5 + -1). Suppose 26*i - x*i = 148. Is i a prime number?
True
Let n(t) = 2*t + 5. Let s be n(7). Suppose 12*c - 28 = s*c. Is (-42)/c*(7 + 65/15) a prime number?
False
Suppose 64*i - 13549508 = 6680444. Is i prime?
False
Let l(q) be the third derivative of 13*q**6/60 - q**5/20 + 13*q**3/3 - 96*q**2. Is l(7) a prime number?
False
Let k(z) = -23285*z - 3822. Is k(-29) composite?
False
Let o = 38823 + -9358. Let f = o + -11178. Is f a composite number?
False
Let p(u) = -4*u - 78. Let c be p(-20). Let f be (-1)/(17/9 - 2). Suppose -247 = -j - f*a + 4*a, 2*j = -c*a + 526. Is j a prime number?
False
Suppose 16*w + 2*c + 609857 = 21*w, 4*c = -24. Is w prime?
False
Let n be 2/((-14)/(-7)*(-1)/(-11)). Suppose 2*l - 3*l - n = 0. Let v(b) = b**3 + 25*b**2 + 7*b - 14. Is v(l) a prime number?
False
Let m = -105 + 114. Suppose 2*w - m = w - g, -2*w - 3*g = -22. Suppose -w*c + 7790 = 795. Is c composite?
False
Let c = 60899 + -37782. Is c prime?
True
Let p(x) = x**3 + x**2 - 6*x + 5. Let s be p(-3). Suppose s*d + l - 2565 = 0, 5*d + l - 2585 = 4*l. Is d a prime number?
False
Suppose 0*g + g = 5*q - 34, -3*g - 6 = q. Let c(w) = -32*w**2 - w - 23. Let k(t) = 31*t**2 + t + 19. Let f(d) = 5*c(d) + 6*k(d). Is f(q) a composite number?
False
Suppose 470174 = 129*l - 928637 + 128032. Is l composite?
False
Suppose 4*c = 5*u + 42 - 17, 0 = -5*u - 5. Suppose -c*p - 10 = -5*y, 5*p = 2*y - 5 + 1. Suppose -2*k - 4*f = -y*f - 34, k - 2*f = 29. Is k a prime number?
False
Let z = 27 + -25. Suppose 2*j = 3*j + 1, -11 = -x + z*j. Suppose -4*t - 13155 = -x*t. Is t prime?
False
Let y = -182019 - -441896. Is y composite?
True
Is (7003/(-188))/(4/(-176)) a prime number?
False
Is -5 + 399391 + -1 - 150/(-25) a prime number?
True
Suppose -16 = -9*z - 61. Is z/(-30) + (-8074)/(-12) prime?
True
Suppose 0 = 4*a + a + 2*d - 141230, d = -2*a + 56492. Suppose 0 = -5*n - 3*u + 35311, 7*n - u = 11*n - a. Is n a composite number?
True
Let c = 5 + -2. Suppose -4*l = 2*m - 14346, -c*m = -5*l - 4*m + 17940. Is l a prime number?
False
Is (-24)/(-32)*1115182/(-3)*-2 a composite number?
False
Suppose 25*n = 45*n - 203860. Is n composite?
False
Suppose -3*i + 93 = 5*u, -47 = -i - u - 18. Suppose -i*b = -36*b + 3310. Is b a prime number?
True
Let h(k) = 8*k**3 - 5*k**2 - 99*k + 125. Is h(29) prime?
False
Suppose -101*m = -185*m + 116*m - 11952544. Is m composite?
False
Suppose 9*b - 5*a = -2*a + 983685, -5*a = 20. Is b a composite number?
False
Let v(d) = 121*d**2 - 16*d - 5. Let z be v(16). Suppose 181*q - 176*q - z = 0. Is q prime?
True
Suppose -4 = -2*b + 2. Suppose b*a - 2977 = 1556. Is a prime?
True
Let f be -7*(12/(-7) + 1). Suppose -f*x = -6*x. Suppose x = -5*i + 36 + 679. Is i a composite number?
True
Let h(i) = 3*i**2 - 38*i - 9*i - 8*i**2 - 2 - 20*i**2 + 31*i**2. Suppose 2*c - 30 = 2*p, 0 = -5*c + p + 48 + 43. Is h(c) composite?
True
Let c(j) = 105*j**2 + 18*j - 5. Let i(d) = -316*d**2 - 52*d + 16. Let m(b) = -17*c(b) - 6*i(b). Is m(-4) a composite number?
False
Suppose 2*v + 4*r - 28 + 22 = 0, 3*v - 4*r = 9. Suppose -1835 = -o - v*f, o - 5*f = -o + 3692. Is o composite?
True
Is (-1)/(-8) - 23/(3864/(-10356339)) a prime number?
False
Let h be (-4334204)/(-228)*3*1. Suppose -10*i + h = -3*i. Is i a prime number?
True
Let l(m) = -m**3 - 2*m**2 - 4*m - 9. Let j be l(-2). Is